{"id":137,"date":"2020-12-04T16:35:57","date_gmt":"2020-12-04T15:35:57","guid":{"rendered":"http:\/\/hammam-et-rituels.com\/?page_id=137"},"modified":"2022-08-09T14:01:45","modified_gmt":"2022-08-09T12:01:45","slug":"137-2","status":"publish","type":"page","link":"https:\/\/hammam-et-rituels.com\/index.php\/137-2\/","title":{"rendered":"page de construction"},"content":{"rendered":"<section class=\"wpb-content-wrapper\">[mk_page_section min_height=\u00a0\u00bb0&Prime; full_height=\u00a0\u00bbtrue\u00a0\u00bb sidebar=\u00a0\u00bbsidebar-1&Prime;][vc_column width=\u00a0\u00bb1\/3&Prime;][mk_padding_divider size=\u00a0\u00bb100&Prime;][vc_single_image image=\u00a0\u00bb6&Prime; img_size=\u00a0\u00bbfull\u00a0\u00bb][\/vc_column][vc_column width=\u00a0\u00bb2\/3&Prime; css=\u00a0\u00bb.vc_custom_1607096346192{border-left-width: 4px !important;border-left-color: #000000 !important;border-left-style: solid !important;}\u00a0\u00bb][vc_btn title=\u00a0\u00bbR\u00e9servations en ligne\u00a0\u00bb color=\u00a0\u00bbwarning\u00a0\u00bb size=\u00a0\u00bblg\u00a0\u00bb align=\u00a0\u00bbcenter\u00a0\u00bb link=\u00a0\u00bburl:https%3A%2F%2Fwww.boutique-hammam-et-rituels.com%2F|title:Offres%20de%20lancement|target:%20_blank|\u00a0\u00bb][mk_highlight][mk_fancy_title color=\u00a0\u00bb#febf3b\u00a0\u00bb size=\u00a0\u00bb70&Prime; margin_bottom=\u00a0\u00bb0&Prime; font_family=\u00a0\u00bbnone\u00a0\u00bb align=\u00a0\u00bbcenter\u00a0\u00bb]Hammam &amp; rituels[\/mk_fancy_title][mk_fancy_title size=\u00a0\u00bb30&Prime; margin_bottom=\u00a0\u00bb0&Prime; font_family=\u00a0\u00bbnone\u00a0\u00bb align=\u00a0\u00bbcenter\u00a0\u00bb]Notre site arrive bient\u00f4t ![\/mk_fancy_title][mk_fancy_title size=\u00a0\u00bb30&Prime; margin_bottom=\u00a0\u00bb0&Prime; font_family=\u00a0\u00bbnone\u00a0\u00bb align=\u00a0\u00bbcenter\u00a0\u00bb]\n<p style=\"text-align: center;\"><strong>Cit\u00e9 de l&rsquo;Habitat et du Bien-\u00eatre<\/strong><\/p>\n<p style=\"text-align: center;\">68460 Lutterbach<\/p>\n<p style=\"text-align: center;\">T\u00e9l\u00e9phone: 03.89.76.18.96<\/p>\n[\/mk_fancy_title][mk_social_networks size=\u00a0\u00bbxx-large\u00a0\u00bb style=\u00a0\u00bbcircle\u00a0\u00bb icon_color=\u00a0\u00bb#febf3b\u00a0\u00bb icon_hover_color=\u00a0\u00bb#f57e37&Prime; align=\u00a0\u00bbcenter\u00a0\u00bb facebook=\u00a0\u00bbhttps:\/\/www.facebook.com\/Hammam.et.Rituels.Mulhouse\/\u00a0\u00bb twitter=\u00a0\u00bbhttps:\/\/twitter.com\/Hammam_rituels\u00a0\u00bb instagram=\u00a0\u00bbhttps:\/\/www.instagram.com\/hammam_et_rituels_mulhouse\/\u00a0\u00bb][\/vc_column][\/mk_page_section][vc_row][vc_column][\/vc_column][\/vc_row][vc_row][vc_column][mk_banner_builder][\/vc_column][\/vc_row]\n<\/section>","protected":false},"excerpt":{"rendered":"<p>[mk_page_section min_height=\u00a0\u00bb0&Prime; full_height=\u00a0\u00bbtrue\u00a0\u00bb sidebar=\u00a0\u00bbsidebar-1&Prime;][vc_column width=\u00a0\u00bb1\/3&Prime;][mk_padding_divider size=\u00a0\u00bb100&Prime;][vc_single_image image=\u00a0\u00bb6&Prime; img_size=\u00a0\u00bbfull\u00a0\u00bb][\/vc_column][vc_column width=\u00a0\u00bb2\/3&Prime; css=\u00a0\u00bb.vc_custom_1607096346192{border-left-width: 4px !important;border-left-color: #000000 !important;border-left-style: solid !important;}\u00a0\u00bb][vc_btn title=\u00a0\u00bbR\u00e9servations en ligne\u00a0\u00bb color=\u00a0\u00bbwarning\u00a0\u00bb size=\u00a0\u00bblg\u00a0\u00bb align=\u00a0\u00bbcenter\u00a0\u00bb link=\u00a0\u00bburl:https%3A%2F%2Fwww.boutique-hammam-et-rituels.com%2F|title:Offres%20de%20lancement|target:%20_blank|\u00a0\u00bb][mk_highlight][mk_fancy_title color=\u00a0\u00bb#febf3b\u00a0\u00bb size=\u00a0\u00bb70&Prime; margin_bottom=\u00a0\u00bb0&Prime; font_family=\u00a0\u00bbnone\u00a0\u00bb align=\u00a0\u00bbcenter\u00a0\u00bb]Hammam &amp; rituels[\/mk_fancy_title][mk_fancy_title size=\u00a0\u00bb30&Prime; margin_bottom=\u00a0\u00bb0&Prime; font_family=\u00a0\u00bbnone\u00a0\u00bb align=\u00a0\u00bbcenter\u00a0\u00bb]Notre site arrive bient\u00f4t ![\/mk_fancy_title][mk_fancy_title size=\u00a0\u00bb30&Prime; margin_bottom=\u00a0\u00bb0&Prime; font_family=\u00a0\u00bbnone\u00a0\u00bb align=\u00a0\u00bbcenter\u00a0\u00bb] Cit\u00e9 de l&rsquo;Habitat et du Bien-\u00eatre 68460 Lutterbach T\u00e9l\u00e9phone: 03.89.76.18.96 [\/mk_fancy_title][mk_social_networks size=\u00a0\u00bbxx-large\u00a0\u00bb style=\u00a0\u00bbcircle\u00a0\u00bb [&hellip;]<\/p>\n","protected":false},"author":1,"featured_media":0,"parent":0,"menu_order":0,"comment_status":"closed","ping_status":"closed","template":"","meta":{"footnotes":""},"_links":{"self":[{"href":"https:\/\/hammam-et-rituels.com\/index.php\/wp-json\/wp\/v2\/pages\/137"}],"collection":[{"href":"https:\/\/hammam-et-rituels.com\/index.php\/wp-json\/wp\/v2\/pages"}],"about":[{"href":"https:\/\/hammam-et-rituels.com\/index.php\/wp-json\/wp\/v2\/types\/page"}],"author":[{"embeddable":true,"href":"https:\/\/hammam-et-rituels.com\/index.php\/wp-json\/wp\/v2\/users\/1"}],"replies":[{"embeddable":true,"href":"https:\/\/hammam-et-rituels.com\/index.php\/wp-json\/wp\/v2\/comments?post=137"}],"version-history":[{"count":38,"href":"https:\/\/hammam-et-rituels.com\/index.php\/wp-json\/wp\/v2\/pages\/137\/revisions"}],"predecessor-version":[{"id":412,"href":"https:\/\/hammam-et-rituels.com\/index.php\/wp-json\/wp\/v2\/pages\/137\/revisions\/412"}],"wp:attachment":[{"href":"https:\/\/hammam-et-rituels.com\/index.php\/wp-json\/wp\/v2\/media?parent=137"}],"curies":[{"name":"wp","href":"https:\/\/api.w.org\/{rel}","templated":true}]}}